3*m**2 - 5. Is h(q) prime?
True
Let q(c) = 32*c**3 - c + 1. Let r be q(2). Suppose p - 4*i = -p + 518, r = p - i. Is p a composite number?
False
Let z be (1 + -95)/((-16)/(-40)). Let w = -323 + -73. Let x = z - w. Is x composite?
True
Let a be 63/12 - (3 - 44/16). Suppose 0 = t - a*v - 178, 2*v = t + 3*v - 208. Is t a prime number?
False
Let g(z) = z + 34. Let t = 24 + -43. Is g(t) prime?
False
Suppose 0 = -2*t + u + 3*u + 14, -2*t + 10 = -2*u. Let w be t/21 + 568/(-7). Let a = w - -172. Is a composite?
True
Suppose -10*v - 3685 = -67395. Is v a prime number?
False
Suppose -3*f + 12 = f. Suppose z - 5*c - 25 = 0, -4*z - f*c = -0*c - 8. Suppose 5*y - 181 = 2*b + 768, 4*b + 943 = z*y. Is y composite?
False
Let w(c) be the third derivative of -65*c**4/24 + c**3/6 + c**2. Suppose -3*u + 3*s - 9 = 0, -s = 2 - 3. Is w(u) a composite number?
False
Let o = -226 + -915. Let n = 5 + -731. Let g = n - o. Is g a composite number?
True
Suppose -9*o + 4 = -5*o. Is (o/3)/((20/1338)/10) prime?
True
Let y(z) = 57*z - 8. Let r be y(7). Suppose -5*c + 2*m - 1242 = 0, 3*m = 4*c + m + 992. Let v = c + r. Is v composite?
True
Let j(z) = 758*z - 43. Is j(5) prime?
False
Let u(p) = 5*p**3 - 2*p**2 - 2*p - 5. Let h(z) = -z**3 + 10*z**2 - z + 16. Let k be h(10). Is u(k) composite?
False
Suppose 5*s - 48 = s. Suppose 3*g + s = g. Is (-86)/(-4) - 9/g composite?
False
Suppose -m - 4*v + 60 = 0, -53 - 238 = -4*m + v. Is ((-21)/2)/(m/(-1776)) a prime number?
False
Let x = 16 + -16. Suppose -8*w + 3*w + 4080 = x. Is (14/(-3))/((-32)/w) prime?
False
Suppose x = -3*z + 863, 0 = -0*x - x + 4*z + 863. Is x prime?
True
Let q(l) = -l**3 + 3*l**2 - 1. Suppose -o + 10 = 3*k, -7*k - o = -2*k - 16. Let p be q(k). Is p/(515/(-257) + 2) composite?
False
Suppose 4*c - 8 = 4, 0 = z - 5*c - 4646. Is z a prime number?
False
Suppose 277 = -w + 24. Let q = w + -6. Let f = -48 - q. Is f composite?
False
Is 30/2*7/(-21) - -4194 prime?
False
Let w(r) be the third derivative of r**5/60 - r**4/3 + 3*r**3/2 + 4*r**2 + 8*r. Is w(13) prime?
False
Is (-7333)/(-15) + (-44)/(-330) a composite number?
True
Let t = 401101 - 273620. Is t composite?
False
Suppose -3*y + 27650 = 5*x, 27645 = 5*x + y + 3*y. Is x composite?
True
Let n = 19843 - -4240. Is n a prime number?
True
Let n(u) = 8*u**2 - 2*u + 242. Is n(-12) a prime number?
False
Suppose 3*l + 8 = 7*l. Let y(j) = -3*j + 6*j**l - 4*j + 4 + 7 + 2. Is y(6) a composite number?
True
Let x(g) = 124*g + 23. Is x(14) prime?
True
Suppose 18 = -2*f - 5*o, 0 = -5*f - 3*o - 10 - 16. Let j(p) = -296*p - 15. Is j(f) composite?
True
Suppose 14*j - 660422 - 55664 = 0. Is j a prime number?
False
Suppose -3*a - 207421 = -8*a - u, -82982 = -2*a + 3*u. Is a prime?
False
Is 2 + (-6 - -10) + 5073 a composite number?
True
Is 35271 + 9 + -19 + -10 prime?
True
Suppose -28*h - 35771 = -221607. Is h a prime number?
True
Suppose 2 = -2*z + 10. Suppose 2*j + 14 = z. Let g(o) = -6*o - 9. Is g(j) prime?
False
Suppose -s = -570 - 113. Suppose s = 24*i - 23*i. Is i prime?
True
Suppose o + 3*t - 1728 = 7601, -4*o = -5*t - 37282. Is o prime?
True
Let p(x) = 28*x**3 + 3*x**2 - 3*x + 5. Let m(v) = v - 3. Let q be m(5). Is p(q) a composite number?
True
Let v = 21516 + -13315. Is v a prime number?
False
Suppose -62*i = -63*i + 1703. Suppose 3*n - i = 2*a - 520, a - 391 = -n. Is n composite?
True
Let d(j) = -8*j**3 - 9*j**2 + 9*j - 5. Is d(-8) a composite number?
True
Let f(b) be the third derivative of b**8/2016 - b**6/240 + b**5/15 + 6*b**2. Let l(n) be the third derivative of f(n). Is l(3) a composite number?
True
Let c be (1 - 8 - -5)/((-4)/6). Suppose -c*q = -2*h + 3*h - 374, h - 4*q = 353. Is h a composite number?
True
Is ((-12)/54*1317)/(2/(-21)) composite?
True
Suppose 8*b + 507798 = 1202270. Is b composite?
True
Suppose 5*t - n = 29365, -n + 2*n - 23492 = -4*t. Is t a composite number?
True
Is (-33305)/(0 + 0 + 5 + -6) prime?
False
Let o(x) be the first derivative of 8*x**4 + 2*x**3/3 - x**2/2 + 7. Is o(1) a composite number?
True
Let d(v) = 12*v**2 - 5*v + 9. Suppose 2*c = -0*c + 8. Is d(c) a prime number?
True
Let y = -41712 + 61265. Is y prime?
True
Let x(j) = 83*j - 4. Let i(b) = -b**3 + 8*b**2 + 9*b + 3. Let o be i(9). Let z be x(o). Suppose 3*d = -z + 710. Is d prime?
False
Let w = 49984 + -26127. Is w composite?
False
Let y = -188 + 274. Let i be 2 + 0 + (1 - -30). Let j = y - i. Is j composite?
False
Let g(k) = -80*k**2 - 3*k - 4. Let a be g(5). Is 2 - 1 - (6 + (a - 5)) a prime number?
False
Suppose 2*w = -8, -4*w - 42 = 3*y - 5*y. Suppose -5*n = 2*d - 29, 2*n - 20 = -2*d - 3*d. Let h = y + d. Is h a composite number?
True
Let c = -1156 - -2125. Suppose 4*w + y = -c, -4*w = 3*y + 1494 - 523. Let s = w + 573. Is s a prime number?
True
Is 174*3 - (0 + -4) a composite number?
True
Suppose -5*w + 1692 = -633. Suppose m - 6*m - 580 = -5*v, 0 = 4*m - 3*v + w. Let r = 10 - m. Is r a prime number?
True
Let n(l) = 30*l**3 + 4*l**2 - l - 3. Let x = -3 - -5. Is n(x) a prime number?
True
Suppose 114*n = 104*n + 642050. Is n a prime number?
False
Let c = 36 + -30. Suppose 82 = -c*r + 664. Is r composite?
False
Let v = 1498 - -195. Is v a prime number?
True
Let h = -156 + 787. Is h composite?
False
Let u(i) be the first derivative of -5/2*i**2 - 7*i - 1 + 1/3*i**3. Is u(10) prime?
True
Is (-17052)/(-7) + 3 + 2/(-1) a prime number?
True
Suppose 0*m = 2*y - 4*m - 808, 390 = y + 5*m. Suppose y = 5*p - 5*w, -p - 4*w + 26 + 39 = 0. Is p prime?
False
Let l(m) be the third derivative of 187*m**5/60 - 7*m**4/24 + 11*m**3/6 - 27*m**2. Is l(3) prime?
False
Let z(y) = 72*y**2 - 13*y - 10. Let m(i) = -216*i**2 + 38*i + 30. Let t(j) = -6*m(j) - 17*z(j). Is t(-3) composite?
False
Let a = -20 - -18. Suppose 5*l + 118 = c + 3*c, -3*l - 4*c = 90. Is 13/l + (-107)/a a prime number?
True
Suppose 44 = -2*r + 2. Let f = 259 + r. Let d = f + -75. Is d prime?
True
Suppose -111*h + 98*h = -316615. Is h composite?
True
Let s(k) = -k**2 + k + 1. Let o(g) = -1395*g**2 + 9*g + 7. Let f(v) = -o(v) + 6*s(v). Is f(-1) a prime number?
False
Let n(r) = -18*r - 17. Let p be (-28)/(-6)*(-9)/3. Is n(p) a prime number?
False
Let t(g) = -3246*g - 57. Let l be t(-13). Is l/(-45)*-3 - (-2)/(-5) a prime number?
False
Let q be ((-2)/(-6))/(2/(-42)). Let a = -2 - q. Let v(t) = t**3 - 6*t**2 + 8*t - 6. Is v(a) a prime number?
False
Let r be 1 + -4 + (-7 - -706). Let h = r + -287. Is h prime?
True
Suppose 2*z = 3*o + 61897, 7*z = 3*z + 5*o + 123793. Is z a prime number?
False
Let a(y) = 481*y + 21. Is a(8) a composite number?
True
Let o(s) = s + 6. Let t be o(0). Suppose 5*n = 2*n + t. Suppose -n*f + 440 = -156. Is f a composite number?
True
Let y(p) = -2*p**2 + 3*p + 8. Let s be y(-4). Let o = 353 + s. Is o a prime number?
True
Let b(q) = q**2 - 2*q + 3. Let s be b(2). Suppose -6 = s*a - 18. Suppose -11 = -a*j + 161. Is j a prime number?
True
Let o = -4003 - -9962. Is o a prime number?
False
Is 3/(-6)*-106*241 a prime number?
False
Let d(g) = -287*g - 51. Let z(i) = 575*i + 102. Let c(y) = 7*d(y) + 3*z(y). Is c(-7) prime?
False
Let m = -33 - -138. Suppose 4*y = y - m. Is (y/(-15))/(1/123) composite?
True
Suppose -3*l + 3*g = -0*l - 5724, -2*g - 10 = 0. Is l a prime number?
False
Suppose -a + 2*n = 5, 3*n - 3 + 0 = 3*a. Suppose a*x - 28 - 479 = 0. Is x prime?
False
Suppose r = -1503 + 4450. Is r a composite number?
True
Let m = 817 + -486. Is m/((-2)/4 - 15/(-10)) a composite number?
False
Suppose 0 = 3*m - 6, -3*k - 5*m + 11890 - 3549 = 0. Is k composite?
False
Suppose 3*m + 1730 = 5435. Suppose -m = -2*r - 3*r. Is r composite?
True
Suppose 0 = 9*s - 166503 - 170880. Is s a composite number?
True
Let g = 0 - 13. Let s = g + 16. Let l(d) = 100*d - 2. Is l(s) prime?
False
Suppose 4*n - n - s = -8352, 2*n + 3*s + 5579 = 0. Let a = -1196 - n. Is a a prime number?
False
Let q = -38159 + 54414. Is q a composite number?
True
Suppose 0 = -3*r + 5*o + 239891, r = -18*o + 17*o + 79969. Is r composite?
False
Suppose 89*p - 1907535 = 3933980. Is p composite?
True
Is (10700532/81)/(-1*12/(-9)) a prime number?
True
Let q be (65 - 2)/((-12)/56). Let f be (2 + q/(-4))*-2. Let a = f - -242. Is a composite?
True
Let l(u) = -4*u + 11. Let z(i) = -i**3 + 8*i**2 - 6*i - 13. Let o be z(7). Is l(o) a composite number?
True
Let x(p) = 66*p**2 - 2*p 